{"id":98,"date":"2022-03-23T03:14:00","date_gmt":"2022-03-23T02:14:00","guid":{"rendered":"https:\/\/www.aoscongres.com\/oeccrcccongres2022\/?page_id=98"},"modified":"2022-05-06T17:47:14","modified_gmt":"2022-05-06T15:47:14","slug":"contact","status":"publish","type":"page","link":"https:\/\/www.aoscongres.com\/oeccrcccongres2022\/contact\/","title":{"rendered":"Contact"},"content":{"rendered":"<section class=\"l-section wpb_row height_large color_primary pb_bg\"><div class=\"l-section-h i-cf\"><div class=\"g-cols offset_small\"><div class=\"vc_col-sm-12 wpb_column vc_column_container animate_afc d2\"><div class=\"vc_column-inner\"><div class=\"wpb_text_column \"><div class=\"wpb_wrapper\">\n<h1 class=\"updbox\" style=\"text-align: center;\">INFOS &amp; CONTACT<\/h1>\n<h5 style=\"text-align: center;\">CONGR\u00c8S R\u00c9GIONAL 7 &amp; 8 JUILLET<\/h5>\n<\/div> <\/div> <div class=\"w-iconbox iconpos_top size_medium style_default color_custom no_text\"><a class=\"w-iconbox-link\" href=\"#dessouss\"><div class=\"w-iconbox-icon\" style=\"color: #ffffff;\"><i class=\"fa fa-angle-down\"><\/i><\/div><\/a><\/div><div class=\"w-separator type_invisible size_huge thick_1 style_solid color_border cont_none\"><span class=\"w-separator-h\"><\/span><\/div><\/div><\/div><\/div><\/div><\/section><div class=\"particle_matrix_ref\" data-dotColor=\"rgba(255,255,255,0.23)\" data-lineColor=\"rgba(255,255,255,0.26)\"  data-particleRadius=\"7\" data-lineWidth=\"1\" data-minSpeedX=\"1\" data-maxSpeedX=\"1\" data-minSpeedY=\"1\" data-maxSpeedY=\"1\" data-directionX=\"center\" data-directionY=\"center\" data-density=\"12000\"><\/div><!-- Row Backgrounds --><div class=\"upb_bg_img\" data-ultimate-bg=\"url(https:\/\/www.aoscongres.com\/oeccrcccongres2022\/wp-content\/uploads\/2022\/04\/bleu.jpg)\" data-image-id=\"id^318|url^https:\/\/www.aoscongres.com\/oeccrcccongres2022\/wp-content\/uploads\/2022\/04\/bleu.jpg|caption^null|alt^null|title^bleu|description^null\" data-ultimate-bg-style=\"vcpb-default\" data-bg-img-repeat=\"no-repeat\" data-bg-img-size=\"cover\" data-bg-img-position=\"\" data-parallx_sense=\"30\" data-bg-override=\"0\" data-bg_img_attach=\"scroll\" data-upb-overlay-color=\"\" data-upb-bg-animation=\"\" data-fadeout=\"\" data-bg-animation=\"left-animation\" data-bg-animation-type=\"h\" data-animation-repeat=\"repeat\" data-fadeout-percentage=\"30\" data-parallax-content=\"\" data-parallax-content-sense=\"30\" data-row-effect-mobile-disable=\"true\" data-img-parallax-mobile-disable=\"true\" data-rtl=\"false\"  data-custom-vc-row=\"\"  data-vc=\"6.0.5\"  data-is_old_vc=\"\"  data-theme-support=\"\"   data-overlay=\"false\" data-overlay-color=\"\" data-overlay-pattern=\"\" data-overlay-pattern-opacity=\"\" data-overlay-pattern-size=\"\"    data-seperator=\"true\"  data-seperator-type=\"curve_up_seperator\"  data-seperator-shape-size=\"40\"  data-seperator-svg-height=\"150\"  data-seperator-full-width=\"true\" data-seperator-position=\"bottom_seperator\"  data-seperator-background-color=\"#ffffff\"  data-icon=\"\"  ><\/div><section class=\"l-section wpb_row height_large with_img pb_bg\" id=\"dessouss\"><div class=\"l-section-img\" style=\"background-image: url(https:\/\/www.aoscongres.com\/oeccrcccongres2022\/wp-content\/uploads\/2022\/03\/4.png);background-position: center left;background-repeat: no-repeat;background-size: contain;\" data-img-width=\"651\" data-img-height=\"593\"><\/div><div class=\"l-section-h i-cf\"><div class=\"g-cols offset_small valign_middle\"><div class=\"vc_col-sm-12 wpb_column vc_column_container animate_afl d1\"><div class=\"vc_column-inner\"><div class=\"g-cols wpb_row offset_small valign_middle vc_inner \"><div class=\"vc_col-sm-6 wpb_column vc_column_container\"><div class=\"vc_column-inner\"><div class=\"wpb_text_column \"><div class=\"wpb_wrapper\">\n<blockquote>\n<h3><strong>LIEU DU CONGR\u00c8S<\/strong><\/h3>\n<\/blockquote>\n<\/div> <\/div> <div class=\"w-separator type_invisible size_medium thick_1 style_solid color_border cont_none\"><span class=\"w-separator-h\"><\/span><\/div><div class=\"wpb_text_column \"><div class=\"wpb_wrapper\"><strong>Palais des Festivals et des Congr\u00e8s de Cannes<\/strong><br \/>\nLa Croisette<br \/>\nCS 300501<br \/>\n06414 CANNES<br \/>\nT\u00e9l. : +33 (0)4 92 99 84 00<br \/>\nWeb : <a href=\"https:\/\/www.palaisdesfestivals.com\/\">www.palaisdesfestivals.com<\/a><\/div> <\/div> <div class=\"w-separator type_invisible size_small thick_1 style_solid color_border cont_none\"><span class=\"w-separator-h\"><\/span><\/div><div class=\"wpb_text_column \"><div class=\"wpb_wrapper\">\n<p style=\"text-align: justify;\">Au c\u0153ur de la ville, le Palais des Festivals et des Congre\u0300s est facilement accessible a\u0300 pied et par le re\u0301seau routier. Il est parfaitement indique\u0301 par la signale\u0301tique de la ville, et se situe a\u0300 proximite\u0301 de toutes les commodite\u0301s, ho\u0302tels, restaurants et commerces.<\/p>\n<\/div> <\/div> <div class=\"w-separator type_invisible size_small thick_1 style_solid color_border cont_none\"><span class=\"w-separator-h\"><\/span><\/div><div class=\"w-btn-wrapper align_left\"><a class=\"w-btn style_outlined color_primary icon_none\" href=\"https:\/\/www.google.com\/maps\/place\/Palais+des+Festivals+et+des+Congr%C3%A8s+de+Cannes\/@43.5507813,7.0157735,17z\/data=!3m1!4b1!4m5!3m4!1s0x12ce8191f03733bb:0xafb954664bccc079!8m2!3d43.5507813!4d7.0179622?hl=fr\" target=\"_blank\" style=\"font-size: 13px;\"><span class=\"w-btn-label\">Voir le plan...<\/span><\/a><\/div><\/div><\/div><div class=\"vc_col-sm-6 wpb_column vc_column_container\"><div class=\"vc_column-inner\"><div class=\"w-image align_left\"><div class=\"us-frame\"><img loading=\"lazy\" decoding=\"async\" width=\"1024\" height=\"677\" src=\"https:\/\/www.aoscongres.com\/oeccrcccongres2022\/wp-content\/uploads\/2022\/03\/palais-1024x677.jpg\" class=\"attachment-large size-large\" alt=\"\" srcset=\"https:\/\/www.aoscongres.com\/oeccrcccongres2022\/wp-content\/uploads\/2022\/03\/palais-1024x677.jpg 1024w, https:\/\/www.aoscongres.com\/oeccrcccongres2022\/wp-content\/uploads\/2022\/03\/palais-300x198.jpg 300w, https:\/\/www.aoscongres.com\/oeccrcccongres2022\/wp-content\/uploads\/2022\/03\/palais-768x508.jpg 768w, https:\/\/www.aoscongres.com\/oeccrcccongres2022\/wp-content\/uploads\/2022\/03\/palais-600x397.jpg 600w, https:\/\/www.aoscongres.com\/oeccrcccongres2022\/wp-content\/uploads\/2022\/03\/palais.jpg 1117w\" sizes=\"auto, (max-width: 1024px) 100vw, 1024px\" \/><\/div><\/div><\/div><\/div><\/div><\/div><\/div><\/div><\/div><\/section><section class=\"l-section wpb_row height_medium pb_bg\"><div class=\"l-section-h i-cf\"><div class=\"g-cols offset_small\"><div class=\"vc_col-sm-12 wpb_column vc_column_container\"><div class=\"vc_column-inner\"><div class=\"wpb_text_column \"><div class=\"wpb_wrapper\">\n<blockquote>\n<h3><b>ACC\u00c8S<\/b><\/h3>\n<\/blockquote>\n<\/div> <\/div> <div class=\"w-separator type_invisible size_medium thick_1 style_solid color_border cont_none\"><span class=\"w-separator-h\"><\/span><\/div><div class=\"w-tabs layout_default icon_chevron iconpos_right \"><div class=\"w-tabs-list items_3\"><div class=\"w-tabs-list-h\"><div class=\"w-tabs-item active\" style=\"font-size: 15px\"><a href=\"#1648001364827-6b21356e-702c\" class=\"w-tabs-item-h\"><span class=\"w-tabs-item-title\">En avion<\/span><\/a><\/div>\n<div class=\"w-tabs-item active\" style=\"font-size: 15px\"><a href=\"#1648001421782-19e35327-5373\" class=\"w-tabs-item-h\"><span class=\"w-tabs-item-title\">En train<\/span><\/a><\/div>\n<div class=\"w-tabs-item active\" style=\"font-size: 15px\"><a href=\"#1648001440218-858f4281-e8a7\" class=\"w-tabs-item-h\"><span class=\"w-tabs-item-title\">En voiture<\/span><\/a><\/div>\n<\/div><\/div><div class=\"w-tabs-sections\"><div class=\"w-tabs-sections-h\"><div class=\"w-tabs-section active\" id=\"1648001364827-6b21356e-702c\"><a href=\"#1648001364827-6b21356e-702c\" class=\"w-tabs-section-header\" style=\"font-size: 15px\"><div class=\"w-tabs-section-header-h\"><h5 class=\"w-tabs-section-title\">En avion<\/h5><div class=\"w-tabs-section-control\"><\/div><\/div><\/a><div class=\"w-tabs-section-content\"><div class=\"w-tabs-section-content-h i-cf\"><div class=\"wpb_text_column \"><div class=\"wpb_wrapper\">\n<ul>\n<li>Ae\u0301roport International de Nice Co\u0302te d\u2019Azur, deuxie\u0300me ae\u0301roport de France, a\u0300 27 km de Cannes ; plus de 100 destinations et pays, liaisons re\u0301gulie\u0300res par autobus toutes les 30 minutes de 9h a\u0300 20h.<\/li>\n<li>Ae\u0301roport de Cannes- Mandelieu a\u0300 10 minutes du centre-ville.<\/li>\n<\/ul>\n<\/div> <\/div> <\/div><\/div><\/div><div class=\"w-tabs-section active\" id=\"1648001421782-19e35327-5373\"><a href=\"#1648001421782-19e35327-5373\" class=\"w-tabs-section-header\" style=\"font-size: 15px\"><div class=\"w-tabs-section-header-h\"><h5 class=\"w-tabs-section-title\">En train<\/h5><div class=\"w-tabs-section-control\"><\/div><\/div><\/a><div class=\"w-tabs-section-content\"><div class=\"w-tabs-section-content-h i-cf\"><div class=\"wpb_text_column \"><div class=\"wpb_wrapper\">\n<ul>\n<li>Lignes internationales et TGV desservant la gare de Cannes, a\u0300 5mn du Palais des Festivals.<\/li>\n<\/ul>\n<\/div> <\/div> <\/div><\/div><\/div><div class=\"w-tabs-section active\" id=\"1648001440218-858f4281-e8a7\"><a href=\"#1648001440218-858f4281-e8a7\" class=\"w-tabs-section-header\" style=\"font-size: 15px\"><div class=\"w-tabs-section-header-h\"><h5 class=\"w-tabs-section-title\">En voiture<\/h5><div class=\"w-tabs-section-control\"><\/div><\/div><\/a><div class=\"w-tabs-section-content\"><div class=\"w-tabs-section-content-h i-cf\"><div class=\"wpb_text_column \"><div class=\"wpb_wrapper\">\n<ul>\n<li>Par l\u2019autoroute Este\u0301rel A8.<\/li>\n<li>En ve\u0301hicule, l\u2019acce\u0300s au Palais des Festivals se fait par les barrie\u0300res Bistingo, Parvis ou Mace\u0301.<\/li>\n<li>La Gare Routie\u0300re permet un acce\u0300s par le niveau-2 a\u0300 un quai de de\u0301chargement menant directement a\u0300 l\u2019inte\u0301rieur du ba\u0302timent.<\/li>\n<li>L\u2019acce\u0300s au ba\u0302timent se fait par les monte- charges MC 6, MC 9, MC 10, MC 11, MC 35, MC 36, MC 37, MC 38.<br \/>\nCes monte-charges permettent un acce\u0300s direct aux principaux espaces d\u2019exposition, de confe\u0301rence et de restauration.<\/li>\n<\/ul>\n<\/div> <\/div> <\/div><\/div><\/div><\/div><\/div><\/div><\/div><\/div><\/div><\/div><\/section><section class=\"l-section wpb_row height_medium with_overlay pb_bg\"><div class=\"l-section-overlay\" style=\"background-color: #efefef\"><\/div><div class=\"l-section-h i-cf\"><div class=\"g-cols offset_small valign_middle\"><div class=\"vc_col-sm-6 wpb_column vc_column_container\"><div class=\"vc_column-inner\"><div class=\"wpb_text_column \"><div class=\"wpb_wrapper\">\n<blockquote>\n<h3><span style=\"font-size: 24px;\"><b>ACC\u00c8S <\/b><\/span><b style=\"font-size: 24px;\">PI\u00c9TON<\/b><\/h3>\n<\/blockquote>\n<\/div> <\/div> <div class=\"w-separator type_invisible size_medium thick_1 style_solid color_border cont_none\"><span class=\"w-separator-h\"><\/span><\/div><div class=\"wpb_text_column \"><div class=\"wpb_wrapper\"><p>L\u2019acce\u0300s des pie\u0301tons se fait par les entre\u0301es principales : Entre\u0301e des Artistes, Entre\u0301e Hall des Expositions sur La Croisette, Entre\u0301e de l\u2019EspaceRiviera.<\/p><\/div> <\/div> <\/div><\/div><div class=\"vc_col-sm-6 wpb_column vc_column_container\"><div class=\"vc_column-inner\"><div class=\"w-image align_left\"><div class=\"us-frame\"><img loading=\"lazy\" decoding=\"async\" width=\"612\" height=\"400\" src=\"https:\/\/www.aoscongres.com\/oeccrcccongres2022\/wp-content\/uploads\/2022\/03\/acces.jpg\" class=\"attachment-large size-large\" alt=\"\" srcset=\"https:\/\/www.aoscongres.com\/oeccrcccongres2022\/wp-content\/uploads\/2022\/03\/acces.jpg 612w, https:\/\/www.aoscongres.com\/oeccrcccongres2022\/wp-content\/uploads\/2022\/03\/acces-300x196.jpg 300w, https:\/\/www.aoscongres.com\/oeccrcccongres2022\/wp-content\/uploads\/2022\/03\/acces-600x392.jpg 600w\" sizes=\"auto, (max-width: 612px) 100vw, 612px\" \/><\/div><\/div><\/div><\/div><\/div><\/div><\/section>\n","protected":false},"excerpt":{"rendered":"INFOS &amp; CONTACT CONGR\u00c8S R\u00c9GIONAL 7 &amp; 8 JUILLET LIEU DU CONGR\u00c8S Palais des Festivals et des Congr\u00e8s de Cannes La Croisette CS 300501 06414 CANNES T\u00e9l. : +33 (0)4 92 99 84 00 Web : www.palaisdesfestivals.com Au c\u0153ur de la ville, le Palais des Festivals et des Congre\u0300s est facilement accessible a\u0300 pied et...","protected":false},"author":1,"featured_media":0,"parent":0,"menu_order":0,"comment_status":"closed","ping_status":"closed","template":"","meta":{"footnotes":""},"class_list":["post-98","page","type-page","status-publish","hentry"],"_links":{"self":[{"href":"https:\/\/www.aoscongres.com\/oeccrcccongres2022\/wp-json\/wp\/v2\/pages\/98","targetHints":{"allow":["GET"]}}],"collection":[{"href":"https:\/\/www.aoscongres.com\/oeccrcccongres2022\/wp-json\/wp\/v2\/pages"}],"about":[{"href":"https:\/\/www.aoscongres.com\/oeccrcccongres2022\/wp-json\/wp\/v2\/types\/page"}],"author":[{"embeddable":true,"href":"https:\/\/www.aoscongres.com\/oeccrcccongres2022\/wp-json\/wp\/v2\/users\/1"}],"replies":[{"embeddable":true,"href":"https:\/\/www.aoscongres.com\/oeccrcccongres2022\/wp-json\/wp\/v2\/comments?post=98"}],"version-history":[{"count":23,"href":"https:\/\/www.aoscongres.com\/oeccrcccongres2022\/wp-json\/wp\/v2\/pages\/98\/revisions"}],"predecessor-version":[{"id":665,"href":"https:\/\/www.aoscongres.com\/oeccrcccongres2022\/wp-json\/wp\/v2\/pages\/98\/revisions\/665"}],"wp:attachment":[{"href":"https:\/\/www.aoscongres.com\/oeccrcccongres2022\/wp-json\/wp\/v2\/media?parent=98"}],"curies":[{"name":"wp","href":"https:\/\/api.w.org\/{rel}","templated":true}]}}

<section class="l-section wpb_row height_large color_primary pb_bg"><div class="l-section-h i-cf"><div class="g-cols offset_small"><div class="vc_col-sm-12 wpb_column vc_column_container animate_afc d2"><div class="vc_column-inner"><div class="wpb_text_column "><div class="wpb_wrapper">
<h1 class="updbox" style="text-align: center;">INFOS &amp; CONTACT</h1>
<h5 style="text-align: center;">CONGRÈS RÉGIONAL 7 &amp; 8 JUILLET</h5>
</div> </div> <div class="w-iconbox iconpos_top size_medium style_default color_custom no_text"><a class="w-iconbox-link" href="#dessouss"><div class="w-iconbox-icon" style="color: #ffffff;"><i class="fa fa-angle-down"></i></div></a></div><div class="w-separator type_invisible size_huge thick_1 style_solid color_border cont_none"><span class="w-separator-h"></span></div></div></div></div></div></section><div class="particle_matrix_ref" data-dotColor="rgba(255,255,255,0.23)" data-lineColor="rgba(255,255,255,0.26)"  data-particleRadius="7" data-lineWidth="1" data-minSpeedX="1" data-maxSpeedX="1" data-minSpeedY="1" data-maxSpeedY="1" data-directionX="center" data-directionY="center" data-density="12000"></div><!-- Row Backgrounds --><div class="upb_bg_img" data-ultimate-bg="url(https://www.aoscongres.com/oeccrcccongres2022/wp-content/uploads/2022/04/bleu.jpg)" data-image-id="id^318|url^https://www.aoscongres.com/oeccrcccongres2022/wp-content/uploads/2022/04/bleu.jpg|caption^null|alt^null|title^bleu|description^null" data-ultimate-bg-style="vcpb-default" data-bg-img-repeat="no-repeat" data-bg-img-size="cover" data-bg-img-position="" data-parallx_sense="30" data-bg-override="0" data-bg_img_attach="scroll" data-upb-overlay-color="" data-upb-bg-animation="" data-fadeout="" data-bg-animation="left-animation" data-bg-animation-type="h" data-animation-repeat="repeat" data-fadeout-percentage="30" data-parallax-content="" data-parallax-content-sense="30" data-row-effect-mobile-disable="true" data-img-parallax-mobile-disable="true" data-rtl="false"  data-custom-vc-row=""  data-vc="6.0.5"  data-is_old_vc=""  data-theme-support=""   data-overlay="false" data-overlay-color="" data-overlay-pattern="" data-overlay-pattern-opacity="" data-overlay-pattern-size=""    data-seperator="true"  data-seperator-type="curve_up_seperator"  data-seperator-shape-size="40"  data-seperator-svg-height="150"  data-seperator-full-width="true" data-seperator-position="bottom_seperator"  data-seperator-background-color="#ffffff"  data-icon=""  ></div><section class="l-section wpb_row height_large with_img pb_bg" id="dessouss"><div class="l-section-img" style="background-image: url(https://www.aoscongres.com/oeccrcccongres2022/wp-content/uploads/2022/03/4.png);background-position: center left;background-repeat: no-repeat;background-size: contain;" data-img-width="651" data-img-height="593"></div><div class="l-section-h i-cf"><div class="g-cols offset_small valign_middle"><div class="vc_col-sm-12 wpb_column vc_column_container animate_afl d1"><div class="vc_column-inner"><div class="g-cols wpb_row offset_small valign_middle vc_inner "><div class="vc_col-sm-6 wpb_column vc_column_container"><div class="vc_column-inner"><div class="wpb_text_column "><div class="wpb_wrapper">
<blockquote>
<h3><strong>LIEU DU CONGRÈS</strong></h3>
</blockquote>
</div> </div> <div class="w-separator type_invisible size_medium thick_1 style_solid color_border cont_none"><span class="w-separator-h"></span></div><div class="wpb_text_column "><div class="wpb_wrapper"><strong>Palais des Festivals et des Congrès de Cannes</strong><br />
La Croisette<br />
CS 300501<br />
06414 CANNES<br />
Tél. : +33 (0)4 92 99 84 00<br />
Web : <a href="https://www.palaisdesfestivals.com/">www.palaisdesfestivals.com</a></div> </div> <div class="w-separator type_invisible size_small thick_1 style_solid color_border cont_none"><span class="w-separator-h"></span></div><div class="wpb_text_column "><div class="wpb_wrapper">
<p style="text-align: justify;">Au cœur de la ville, le Palais des Festivals et des Congrès est facilement accessible à pied et par le réseau routier. Il est parfaitement indiqué par la signalétique de la ville, et se situe à proximité de toutes les commodités, hôtels, restaurants et commerces.</p>
</div> </div> <div class="w-separator type_invisible size_small thick_1 style_solid color_border cont_none"><span class="w-separator-h"></span></div><div class="w-btn-wrapper align_left"><a class="w-btn style_outlined color_primary icon_none" href="https://www.google.com/maps/place/Palais+des+Festivals+et+des+Congr%C3%A8s+de+Cannes/@43.5507813,7.0157735,17z/data=!3m1!4b1!4m5!3m4!1s0x12ce8191f03733bb:0xafb954664bccc079!8m2!3d43.5507813!4d7.0179622?hl=fr" target="_blank" style="font-size: 13px;"><span class="w-btn-label">Voir le plan...</span></a></div></div></div><div class="vc_col-sm-6 wpb_column vc_column_container"><div class="vc_column-inner"><div class="w-image align_left"><div class="us-frame"><img loading="lazy" decoding="async" width="1024" height="677" src="https://www.aoscongres.com/oeccrcccongres2022/wp-content/uploads/2022/03/palais-1024x677.jpg" class="attachment-large size-large" alt="" srcset="https://www.aoscongres.com/oeccrcccongres2022/wp-content/uploads/2022/03/palais-1024x677.jpg 1024w, https://www.aoscongres.com/oeccrcccongres2022/wp-content/uploads/2022/03/palais-300x198.jpg 300w, https://www.aoscongres.com/oeccrcccongres2022/wp-content/uploads/2022/03/palais-768x508.jpg 768w, https://www.aoscongres.com/oeccrcccongres2022/wp-content/uploads/2022/03/palais-600x397.jpg 600w, https://www.aoscongres.com/oeccrcccongres2022/wp-content/uploads/2022/03/palais.jpg 1117w" sizes="auto, (max-width: 1024px) 100vw, 1024px" /></div></div></div></div></div></div></div></div></div></section><section class="l-section wpb_row height_medium pb_bg"><div class="l-section-h i-cf"><div class="g-cols offset_small"><div class="vc_col-sm-12 wpb_column vc_column_container"><div class="vc_column-inner"><div class="wpb_text_column "><div class="wpb_wrapper">
<blockquote>
<h3><b>ACCÈS</b></h3>
</blockquote>
</div> </div> <div class="w-separator type_invisible size_medium thick_1 style_solid color_border cont_none"><span class="w-separator-h"></span></div><div class="w-tabs layout_default icon_chevron iconpos_right "><div class="w-tabs-list items_3"><div class="w-tabs-list-h"><div class="w-tabs-item active" style="font-size: 15px"><a href="#1648001364827-6b21356e-702c" class="w-tabs-item-h"><span class="w-tabs-item-title">En avion</span></a></div>
<div class="w-tabs-item active" style="font-size: 15px"><a href="#1648001421782-19e35327-5373" class="w-tabs-item-h"><span class="w-tabs-item-title">En train</span></a></div>
<div class="w-tabs-item active" style="font-size: 15px"><a href="#1648001440218-858f4281-e8a7" class="w-tabs-item-h"><span class="w-tabs-item-title">En voiture</span></a></div>
</div></div><div class="w-tabs-sections"><div class="w-tabs-sections-h"><div class="w-tabs-section active" id="1648001364827-6b21356e-702c"><a href="#1648001364827-6b21356e-702c" class="w-tabs-section-header" style="font-size: 15px"><div class="w-tabs-section-header-h"><h5 class="w-tabs-section-title">En avion</h5><div class="w-tabs-section-control"></div></div></a><div class="w-tabs-section-content"><div class="w-tabs-section-content-h i-cf"><div class="wpb_text_column "><div class="wpb_wrapper">
<ul>
<li>Aéroport International de Nice Côte d’Azur, deuxième aéroport de France, à 27 km de Cannes ; plus de 100 destinations et pays, liaisons régulières par autobus toutes les 30 minutes de 9h à 20h.</li>
<li>Aéroport de Cannes- Mandelieu à 10 minutes du centre-ville.</li>
</ul>
</div> </div> </div></div></div><div class="w-tabs-section active" id="1648001421782-19e35327-5373"><a href="#1648001421782-19e35327-5373" class="w-tabs-section-header" style="font-size: 15px"><div class="w-tabs-section-header-h"><h5 class="w-tabs-section-title">En train</h5><div class="w-tabs-section-control"></div></div></a><div class="w-tabs-section-content"><div class="w-tabs-section-content-h i-cf"><div class="wpb_text_column "><div class="wpb_wrapper">
<ul>
<li>Lignes internationales et TGV desservant la gare de Cannes, à 5mn du Palais des Festivals.</li>
</ul>
</div> </div> </div></div></div><div class="w-tabs-section active" id="1648001440218-858f4281-e8a7"><a href="#1648001440218-858f4281-e8a7" class="w-tabs-section-header" style="font-size: 15px"><div class="w-tabs-section-header-h"><h5 class="w-tabs-section-title">En voiture</h5><div class="w-tabs-section-control"></div></div></a><div class="w-tabs-section-content"><div class="w-tabs-section-content-h i-cf"><div class="wpb_text_column "><div class="wpb_wrapper">
<ul>
<li>Par l’autoroute Estérel A8.</li>
<li>En véhicule, l’accès au Palais des Festivals se fait par les barrières Bistingo, Parvis ou Macé.</li>
<li>La Gare Routière permet un accès par le niveau-2 à un quai de déchargement menant directement à l’intérieur du bâtiment.</li>
<li>L’accès au bâtiment se fait par les monte- charges MC 6, MC 9, MC 10, MC 11, MC 35, MC 36, MC 37, MC 38.<br />
Ces monte-charges permettent un accès direct aux principaux espaces d’exposition, de conférence et de restauration.</li>
</ul>
</div> </div> </div></div></div></div></div></div></div></div></div></div></section><section class="l-section wpb_row height_medium with_overlay pb_bg"><div class="l-section-overlay" style="background-color: #efefef"></div><div class="l-section-h i-cf"><div class="g-cols offset_small valign_middle"><div class="vc_col-sm-6 wpb_column vc_column_container"><div class="vc_column-inner"><div class="wpb_text_column "><div class="wpb_wrapper">
<blockquote>
<h3><span style="font-size: 24px;"><b>ACCÈS </b></span><b style="font-size: 24px;">PIÉTON</b></h3>
</blockquote>
</div> </div> <div class="w-separator type_invisible size_medium thick_1 style_solid color_border cont_none"><span class="w-separator-h"></span></div><div class="wpb_text_column "><div class="wpb_wrapper"><p>L’accès des piétons se fait par les entrées principales : Entrée des Artistes, Entrée Hall des Expositions sur La Croisette, Entrée de l’EspaceRiviera.</p></div> </div> </div></div><div class="vc_col-sm-6 wpb_column vc_column_container"><div class="vc_column-inner"><div class="w-image align_left"><div class="us-frame"><img loading="lazy" decoding="async" width="612" height="400" src="https://www.aoscongres.com/oeccrcccongres2022/wp-content/uploads/2022/03/acces.jpg" class="attachment-large size-large" alt="" srcset="https://www.aoscongres.com/oeccrcccongres2022/wp-content/uploads/2022/03/acces.jpg 612w, https://www.aoscongres.com/oeccrcccongres2022/wp-content/uploads/2022/03/acces-300x196.jpg 300w, https://www.aoscongres.com/oeccrcccongres2022/wp-content/uploads/2022/03/acces-600x392.jpg 600w" sizes="auto, (max-width: 612px) 100vw, 612px" /></div></div></div></div></div></div></section>

INFOS &amp; CONTACT CONGRÈS RÉGIONAL 7 &amp; 8 JUILLET LIEU DU CONGRÈS Palais des Festivals et des Congrès de Cannes La Croisette CS 300501 06414 CANNES Tél. : +33 (0)4 92 99 84 00 Web : www.palaisdesfestivals.com Au cœur de la ville, le Palais des Festivals et des Congrès est facilement accessible à pied et...
