{"id":20,"date":"2025-03-26T22:18:29","date_gmt":"2025-03-26T21:18:29","guid":{"rendered":"https:\/\/www.aoscongres.com\/oeccongres2025\/?page_id=20"},"modified":"2026-04-28T09:05:54","modified_gmt":"2026-04-28T07:05:54","slug":"partenaires","status":"publish","type":"page","link":"https:\/\/www.aoscongres.com\/oeccongres2025\/partenaires\/","title":{"rendered":"Partenaires"},"content":{"rendered":"\t\t<div data-elementor-type=\"wp-page\" data-elementor-id=\"20\" class=\"elementor elementor-20\">\n\t\t\t\t<div class=\"has_eae_slider elementor-element elementor-element-24c8208 e-flex e-con-boxed wpr-particle-no wpr-jarallax-no wpr-parallax-no wpr-sticky-section-no e-con e-parent\" data-eae-slider=\"17427\" data-id=\"24c8208\" data-element_type=\"container\" data-e-type=\"container\">\n\t\t\t\t\t<div class=\"e-con-inner\">\n\t\t<div class=\"has_eae_slider elementor-element elementor-element-108a0f5 e-con-full sticky-container e-flex wpr-particle-no wpr-jarallax-no wpr-parallax-no wpr-sticky-section-no e-con e-child\" data-eae-slider=\"74471\" data-id=\"108a0f5\" data-element_type=\"container\" data-e-type=\"container\">\n\t\t<div class=\"has_eae_slider elementor-element elementor-element-defbaa8 e-con-full sticky-column e-flex wpr-particle-no wpr-jarallax-no wpr-parallax-no wpr-sticky-section-no e-con e-child\" data-eae-slider=\"70184\" data-id=\"defbaa8\" data-element_type=\"container\" data-e-type=\"container\">\n\t\t\t\t<div class=\"elementor-element elementor-element-01a552c elementor-widget elementor-widget-heading\" data-id=\"01a552c\" data-element_type=\"widget\" data-e-type=\"widget\" data-widget_type=\"heading.default\">\n\t\t\t\t<div class=\"elementor-widget-container\">\n\t\t\t\t\t<h2 class=\"elementor-heading-title elementor-size-default\">Les <br>partenaires<\/h2>\t\t\t\t<\/div>\n\t\t\t\t<\/div>\n\t\t\t\t<div class=\"elementor-element elementor-element-4e94d92 elementor-widget-divider--view-line elementor-widget elementor-widget-divider\" data-id=\"4e94d92\" data-element_type=\"widget\" data-e-type=\"widget\" data-widget_type=\"divider.default\">\n\t\t\t\t<div class=\"elementor-widget-container\">\n\t\t\t\t\t\t\t<div class=\"elementor-divider\">\n\t\t\t<span class=\"elementor-divider-separator\">\n\t\t\t\t\t\t<\/span>\n\t\t<\/div>\n\t\t\t\t\t\t<\/div>\n\t\t\t\t<\/div>\n\t\t\t\t<div class=\"elementor-element elementor-element-207a056 elementor-widget__width-initial elementor-widget elementor-widget-text-editor\" data-id=\"207a056\" data-element_type=\"widget\" data-e-type=\"widget\" data-widget_type=\"text-editor.default\">\n\t\t\t\t<div class=\"elementor-widget-container\">\n\t\t\t\t\t\t\t\t\tProfitez de ces deux jours de congr\u00e8s pour aller \u00e0 la rencontre de nos partenaires et \u00e9changer avec eux autour de leurs expertises et solutions innovantes.\t\t\t\t\t\t\t\t<\/div>\n\t\t\t\t<\/div>\n\t\t\t\t<div class=\"elementor-element elementor-element-a6e6c0b elementor-mobile-align-justify elementor-widget elementor-widget-button\" data-id=\"a6e6c0b\" data-element_type=\"widget\" data-e-type=\"widget\" data-widget_type=\"button.default\">\n\t\t\t\t<div class=\"elementor-widget-container\">\n\t\t\t\t\t\t\t\t\t<div class=\"elementor-button-wrapper\">\n\t\t\t\t\t<a class=\"elementor-button elementor-button-link elementor-size-sm\" href=\"mailto:communication@oecpaca.org\">\n\t\t\t\t\t\t<span class=\"elementor-button-content-wrapper\">\n\t\t\t\t\t\t<span class=\"elementor-button-icon\">\n\t\t\t\t<i aria-hidden=\"true\" class=\"icon icon-right-arrow\"><\/i>\t\t\t<\/span>\n\t\t\t\t\t\t\t\t\t<span class=\"elementor-button-text\">Devenir partenaire<\/span>\n\t\t\t\t\t<\/span>\n\t\t\t\t\t<\/a>\n\t\t\t\t<\/div>\n\t\t\t\t\t\t\t\t<\/div>\n\t\t\t\t<\/div>\n\t\t\t\t<\/div>\n\t\t\t\t<\/div>\n\t\t<div class=\"has_eae_slider elementor-element elementor-element-cb62603 e-con-full e-flex wpr-particle-no wpr-jarallax-no wpr-parallax-no wpr-sticky-section-no e-con e-child\" data-eae-slider=\"50931\" data-id=\"cb62603\" data-element_type=\"container\" data-e-type=\"container\">\n\t\t<div class=\"has_eae_slider elementor-element elementor-element-d98673d e-con-full e-grid wpr-particle-no wpr-jarallax-no wpr-parallax-no wpr-sticky-section-no e-con e-child\" data-eae-slider=\"52325\" data-id=\"d98673d\" data-element_type=\"container\" data-e-type=\"container\">\n\t\t\t\t<div class=\"elementor-element elementor-element-dcae89c elementor-widget elementor-widget-image\" data-id=\"dcae89c\" data-element_type=\"widget\" data-e-type=\"widget\" data-widget_type=\"image.default\">\n\t\t\t\t<div class=\"elementor-widget-container\">\n\t\t\t\t\t\t\t\t\t\t\t\t\t\t\t\t<a href=\"https:\/\/www.ag2rlamondiale.fr\/club-expertises-et-solutions\" target=\"_blank\">\n\t\t\t\t\t\t\t<img fetchpriority=\"high\" decoding=\"async\" width=\"673\" height=\"674\" src=\"https:\/\/www.aoscongres.com\/oeccongres2025\/wp-content\/uploads\/2025\/04\/Group-63.png\" class=\"attachment-large size-large wp-image-1000\" alt=\"\" srcset=\"https:\/\/www.aoscongres.com\/oeccongres2025\/wp-content\/uploads\/2025\/04\/Group-63.png 673w, https:\/\/www.aoscongres.com\/oeccongres2025\/wp-content\/uploads\/2025\/04\/Group-63-300x300.png 300w, https:\/\/www.aoscongres.com\/oeccongres2025\/wp-content\/uploads\/2025\/04\/Group-63-150x150.png 150w\" sizes=\"(max-width: 673px) 100vw, 673px\" \/>\t\t\t\t\t\t\t\t<\/a>\n\t\t\t\t\t\t\t\t\t\t\t\t\t\t\t<\/div>\n\t\t\t\t<\/div>\n\t\t\t\t<div class=\"elementor-element elementor-element-b458be9 elementor-widget elementor-widget-image\" data-id=\"b458be9\" data-element_type=\"widget\" data-e-type=\"widget\" data-widget_type=\"image.default\">\n\t\t\t\t<div class=\"elementor-widget-container\">\n\t\t\t\t\t\t\t\t\t\t\t\t\t\t\t\t<a href=\"https:\/\/www.agiris.fr\/\" target=\"_blank\">\n\t\t\t\t\t\t\t<img decoding=\"async\" width=\"800\" height=\"800\" src=\"https:\/\/www.aoscongres.com\/oeccongres2025\/wp-content\/uploads\/2025\/03\/Group-39-1024x1024.jpg\" class=\"attachment-large size-large wp-image-156\" alt=\"\" srcset=\"https:\/\/www.aoscongres.com\/oeccongres2025\/wp-content\/uploads\/2025\/03\/Group-39-1024x1024.jpg 1024w, https:\/\/www.aoscongres.com\/oeccongres2025\/wp-content\/uploads\/2025\/03\/Group-39-300x300.jpg 300w, https:\/\/www.aoscongres.com\/oeccongres2025\/wp-content\/uploads\/2025\/03\/Group-39-150x150.jpg 150w, https:\/\/www.aoscongres.com\/oeccongres2025\/wp-content\/uploads\/2025\/03\/Group-39-768x768.jpg 768w, https:\/\/www.aoscongres.com\/oeccongres2025\/wp-content\/uploads\/2025\/03\/Group-39-1536x1536.jpg 1536w, https:\/\/www.aoscongres.com\/oeccongres2025\/wp-content\/uploads\/2025\/03\/Group-39.jpg 1935w\" sizes=\"(max-width: 800px) 100vw, 800px\" \/>\t\t\t\t\t\t\t\t<\/a>\n\t\t\t\t\t\t\t\t\t\t\t\t\t\t\t<\/div>\n\t\t\t\t<\/div>\n\t\t\t\t<div class=\"elementor-element elementor-element-5e02571 elementor-widget elementor-widget-image\" data-id=\"5e02571\" data-element_type=\"widget\" data-e-type=\"widget\" data-widget_type=\"image.default\">\n\t\t\t\t<div class=\"elementor-widget-container\">\n\t\t\t\t\t\t\t\t\t\t\t\t\t\t\t\t<a href=\"https:\/\/www.araplprovence.org\/\" target=\"_blank\">\n\t\t\t\t\t\t\t<img decoding=\"async\" width=\"800\" height=\"800\" src=\"https:\/\/www.aoscongres.com\/oeccongres2025\/wp-content\/uploads\/2025\/05\/Group-74-1024x1024.png\" class=\"attachment-large size-large wp-image-1145\" alt=\"\" srcset=\"https:\/\/www.aoscongres.com\/oeccongres2025\/wp-content\/uploads\/2025\/05\/Group-74-1024x1024.png 1024w, https:\/\/www.aoscongres.com\/oeccongres2025\/wp-content\/uploads\/2025\/05\/Group-74-300x300.png 300w, https:\/\/www.aoscongres.com\/oeccongres2025\/wp-content\/uploads\/2025\/05\/Group-74-150x150.png 150w, https:\/\/www.aoscongres.com\/oeccongres2025\/wp-content\/uploads\/2025\/05\/Group-74-768x768.png 768w, https:\/\/www.aoscongres.com\/oeccongres2025\/wp-content\/uploads\/2025\/05\/Group-74-1536x1536.png 1536w, https:\/\/www.aoscongres.com\/oeccongres2025\/wp-content\/uploads\/2025\/05\/Group-74.png 1935w\" sizes=\"(max-width: 800px) 100vw, 800px\" \/>\t\t\t\t\t\t\t\t<\/a>\n\t\t\t\t\t\t\t\t\t\t\t\t\t\t\t<\/div>\n\t\t\t\t<\/div>\n\t\t\t\t<div class=\"elementor-element elementor-element-795e766 elementor-widget elementor-widget-image\" data-id=\"795e766\" data-element_type=\"widget\" data-e-type=\"widget\" data-widget_type=\"image.default\">\n\t\t\t\t<div class=\"elementor-widget-container\">\n\t\t\t\t\t\t\t\t\t\t\t\t\t\t\t\t<a href=\"https:\/\/crcc-aix.org\/\" target=\"_blank\">\n\t\t\t\t\t\t\t<img loading=\"lazy\" decoding=\"async\" width=\"800\" height=\"800\" src=\"https:\/\/www.aoscongres.com\/oeccongres2025\/wp-content\/uploads\/2025\/03\/Group-47-1024x1024.jpg\" class=\"attachment-large size-large wp-image-251\" alt=\"\" srcset=\"https:\/\/www.aoscongres.com\/oeccongres2025\/wp-content\/uploads\/2025\/03\/Group-47-1024x1024.jpg 1024w, https:\/\/www.aoscongres.com\/oeccongres2025\/wp-content\/uploads\/2025\/03\/Group-47-300x300.jpg 300w, https:\/\/www.aoscongres.com\/oeccongres2025\/wp-content\/uploads\/2025\/03\/Group-47-150x150.jpg 150w, https:\/\/www.aoscongres.com\/oeccongres2025\/wp-content\/uploads\/2025\/03\/Group-47-768x768.jpg 768w, https:\/\/www.aoscongres.com\/oeccongres2025\/wp-content\/uploads\/2025\/03\/Group-47-1536x1536.jpg 1536w, https:\/\/www.aoscongres.com\/oeccongres2025\/wp-content\/uploads\/2025\/03\/Group-47.jpg 1935w\" sizes=\"(max-width: 800px) 100vw, 800px\" \/>\t\t\t\t\t\t\t\t<\/a>\n\t\t\t\t\t\t\t\t\t\t\t\t\t\t\t<\/div>\n\t\t\t\t<\/div>\n\t\t\t\t<div class=\"elementor-element elementor-element-358b8c2 elementor-widget elementor-widget-image\" data-id=\"358b8c2\" data-element_type=\"widget\" data-e-type=\"widget\" data-widget_type=\"image.default\">\n\t\t\t\t<div class=\"elementor-widget-container\">\n\t\t\t\t\t\t\t\t\t\t\t\t\t\t\t\t<a href=\"http:\/\/caudia.fr\" target=\"_blank\">\n\t\t\t\t\t\t\t<img loading=\"lazy\" decoding=\"async\" width=\"520\" height=\"520\" src=\"https:\/\/www.aoscongres.com\/oeccongres2025\/wp-content\/uploads\/2026\/04\/Group-105.jpg\" class=\"attachment-large size-large wp-image-1439\" alt=\"\" srcset=\"https:\/\/www.aoscongres.com\/oeccongres2025\/wp-content\/uploads\/2026\/04\/Group-105.jpg 520w, https:\/\/www.aoscongres.com\/oeccongres2025\/wp-content\/uploads\/2026\/04\/Group-105-300x300.jpg 300w, https:\/\/www.aoscongres.com\/oeccongres2025\/wp-content\/uploads\/2026\/04\/Group-105-150x150.jpg 150w\" sizes=\"(max-width: 520px) 100vw, 520px\" \/>\t\t\t\t\t\t\t\t<\/a>\n\t\t\t\t\t\t\t\t\t\t\t\t\t\t\t<\/div>\n\t\t\t\t<\/div>\n\t\t\t\t<div class=\"elementor-element elementor-element-862740f elementor-widget elementor-widget-image\" data-id=\"862740f\" data-element_type=\"widget\" data-e-type=\"widget\" data-widget_type=\"image.default\">\n\t\t\t\t<div class=\"elementor-widget-container\">\n\t\t\t\t\t\t\t\t\t\t\t\t\t\t\t\t<a href=\"https:\/\/mibc-fr-02.mailinblack.com\/securelink\/?url=https:\/\/ecma-solutions.com&#038;key=eyJsYW5nIjoiRlIiLCJ1cmwiOiJodHRwczovL2VjbWEtc29sdXRpb25zLmNvbS8iLCJ0b2tlbiI6ImdBQUFBQUJsX0VwNGxwZ2dhWUNwU0YxdmpMZHU3R3N6Uy1kTHctdXVJVkxnN3hpYjQ3VjhtYWVZaE5jYmV1NnhuNkxQVl9yRmpRd2tYZmxDcDZaLTNUTG9CTHBPQ2RPOTBKZEI0WldrLS1LLTQwa21CQWIxNmdKZlRrZUJnLWdJVU5NTENQXzYxY2cwWjJySlJROW1fZHlPUmR6Tzg5VTNNRDU3YldfR0R4c2ZLcWhiamVfbTl0WXJFYkVMcUJOTHpQOUducUJsdWw3eU5xSDlKU0RjWVRaTnNjZWRQME9qYUxlWlBHR2Z1a3pOUnpZcmtNaVJ5bFFVQ3NrV0V4YmsyUkZ0bzJXU3JRUDAzZzU0eEt3djRNVGY2cHp5dl90YXZ3WmFvVzJBeTJ4cS15N3ZVQlRZTzdvZmhBSnJuNkpGVjBLMjNoazI3ai1MIn0=\" target=\"_blank\">\n\t\t\t\t\t\t\t<img loading=\"lazy\" decoding=\"async\" width=\"794\" height=\"794\" src=\"https:\/\/www.aoscongres.com\/oeccongres2025\/wp-content\/uploads\/2025\/04\/Group-54.png\" class=\"attachment-large size-large wp-image-1008\" alt=\"\" srcset=\"https:\/\/www.aoscongres.com\/oeccongres2025\/wp-content\/uploads\/2025\/04\/Group-54.png 794w, https:\/\/www.aoscongres.com\/oeccongres2025\/wp-content\/uploads\/2025\/04\/Group-54-300x300.png 300w, https:\/\/www.aoscongres.com\/oeccongres2025\/wp-content\/uploads\/2025\/04\/Group-54-150x150.png 150w, https:\/\/www.aoscongres.com\/oeccongres2025\/wp-content\/uploads\/2025\/04\/Group-54-768x768.png 768w\" sizes=\"(max-width: 794px) 100vw, 794px\" \/>\t\t\t\t\t\t\t\t<\/a>\n\t\t\t\t\t\t\t\t\t\t\t\t\t\t\t<\/div>\n\t\t\t\t<\/div>\n\t\t\t\t<div class=\"elementor-element elementor-element-d2b3d92 elementor-widget elementor-widget-image\" data-id=\"d2b3d92\" data-element_type=\"widget\" data-e-type=\"widget\" data-widget_type=\"image.default\">\n\t\t\t\t<div class=\"elementor-widget-container\">\n\t\t\t\t\t\t\t\t\t\t\t\t\t\t\t\t<a href=\"https:\/\/campagnes.harmonie-mutuelle.fr\/informations-experts-comptables\" target=\"_blank\">\n\t\t\t\t\t\t\t<img loading=\"lazy\" decoding=\"async\" width=\"520\" height=\"520\" src=\"https:\/\/www.aoscongres.com\/oeccongres2025\/wp-content\/uploads\/2026\/04\/Group-102.jpg\" class=\"attachment-large size-large wp-image-1438\" alt=\"\" srcset=\"https:\/\/www.aoscongres.com\/oeccongres2025\/wp-content\/uploads\/2026\/04\/Group-102.jpg 520w, https:\/\/www.aoscongres.com\/oeccongres2025\/wp-content\/uploads\/2026\/04\/Group-102-300x300.jpg 300w, https:\/\/www.aoscongres.com\/oeccongres2025\/wp-content\/uploads\/2026\/04\/Group-102-150x150.jpg 150w\" sizes=\"(max-width: 520px) 100vw, 520px\" \/>\t\t\t\t\t\t\t\t<\/a>\n\t\t\t\t\t\t\t\t\t\t\t\t\t\t\t<\/div>\n\t\t\t\t<\/div>\n\t\t\t\t<div class=\"elementor-element elementor-element-bea86b0 elementor-widget elementor-widget-image\" data-id=\"bea86b0\" data-element_type=\"widget\" data-e-type=\"widget\" data-widget_type=\"image.default\">\n\t\t\t\t<div class=\"elementor-widget-container\">\n\t\t\t\t\t\t\t\t\t\t\t\t\t\t\t\t<a href=\"https:\/\/www.lexisnexis.com\/fr-fr\" target=\"_blank\">\n\t\t\t\t\t\t\t<img loading=\"lazy\" decoding=\"async\" width=\"520\" height=\"520\" src=\"https:\/\/www.aoscongres.com\/oeccongres2025\/wp-content\/uploads\/2026\/04\/Group-104.jpg\" class=\"attachment-large size-large wp-image-1437\" alt=\"\" srcset=\"https:\/\/www.aoscongres.com\/oeccongres2025\/wp-content\/uploads\/2026\/04\/Group-104.jpg 520w, https:\/\/www.aoscongres.com\/oeccongres2025\/wp-content\/uploads\/2026\/04\/Group-104-300x300.jpg 300w, https:\/\/www.aoscongres.com\/oeccongres2025\/wp-content\/uploads\/2026\/04\/Group-104-150x150.jpg 150w\" sizes=\"(max-width: 520px) 100vw, 520px\" \/>\t\t\t\t\t\t\t\t<\/a>\n\t\t\t\t\t\t\t\t\t\t\t\t\t\t\t<\/div>\n\t\t\t\t<\/div>\n\t\t\t\t<div class=\"elementor-element elementor-element-ffa06bc elementor-widget elementor-widget-image\" data-id=\"ffa06bc\" data-element_type=\"widget\" data-e-type=\"widget\" data-widget_type=\"image.default\">\n\t\t\t\t<div class=\"elementor-widget-container\">\n\t\t\t\t\t\t\t\t\t\t\t\t\t\t\t\t<a href=\"https:\/\/laplace-groupe.com\/\" target=\"_blank\">\n\t\t\t\t\t\t\t<img loading=\"lazy\" decoding=\"async\" width=\"794\" height=\"794\" src=\"https:\/\/www.aoscongres.com\/oeccongres2025\/wp-content\/uploads\/2025\/04\/Group-55.png\" class=\"attachment-large size-large wp-image-1009\" alt=\"\" srcset=\"https:\/\/www.aoscongres.com\/oeccongres2025\/wp-content\/uploads\/2025\/04\/Group-55.png 794w, https:\/\/www.aoscongres.com\/oeccongres2025\/wp-content\/uploads\/2025\/04\/Group-55-300x300.png 300w, https:\/\/www.aoscongres.com\/oeccongres2025\/wp-content\/uploads\/2025\/04\/Group-55-150x150.png 150w, https:\/\/www.aoscongres.com\/oeccongres2025\/wp-content\/uploads\/2025\/04\/Group-55-768x768.png 768w\" sizes=\"(max-width: 794px) 100vw, 794px\" \/>\t\t\t\t\t\t\t\t<\/a>\n\t\t\t\t\t\t\t\t\t\t\t\t\t\t\t<\/div>\n\t\t\t\t<\/div>\n\t\t\t\t<div class=\"elementor-element elementor-element-7cb47b7 elementor-widget elementor-widget-image\" data-id=\"7cb47b7\" data-element_type=\"widget\" data-e-type=\"widget\" data-widget_type=\"image.default\">\n\t\t\t\t<div class=\"elementor-widget-container\">\n\t\t\t\t\t\t\t\t\t\t\t\t\t\t\t\t<a href=\"https:\/\/www.malakoffhumanis.com\/\" target=\"_blank\">\n\t\t\t\t\t\t\t<img loading=\"lazy\" decoding=\"async\" width=\"674\" height=\"674\" src=\"https:\/\/www.aoscongres.com\/oeccongres2025\/wp-content\/uploads\/2025\/04\/Group-65.png\" class=\"attachment-large size-large wp-image-1002\" alt=\"\" srcset=\"https:\/\/www.aoscongres.com\/oeccongres2025\/wp-content\/uploads\/2025\/04\/Group-65.png 674w, https:\/\/www.aoscongres.com\/oeccongres2025\/wp-content\/uploads\/2025\/04\/Group-65-300x300.png 300w, https:\/\/www.aoscongres.com\/oeccongres2025\/wp-content\/uploads\/2025\/04\/Group-65-150x150.png 150w\" sizes=\"(max-width: 674px) 100vw, 674px\" \/>\t\t\t\t\t\t\t\t<\/a>\n\t\t\t\t\t\t\t\t\t\t\t\t\t\t\t<\/div>\n\t\t\t\t<\/div>\n\t\t\t\t<div class=\"elementor-element elementor-element-1236d4e elementor-widget elementor-widget-image\" data-id=\"1236d4e\" data-element_type=\"widget\" data-e-type=\"widget\" data-widget_type=\"image.default\">\n\t\t\t\t<div class=\"elementor-widget-container\">\n\t\t\t\t\t\t\t\t\t\t\t\t\t\t\t\t<a href=\"https:\/\/octovision.fr\/\" target=\"_blank\">\n\t\t\t\t\t\t\t<img loading=\"lazy\" decoding=\"async\" width=\"520\" height=\"520\" src=\"https:\/\/www.aoscongres.com\/oeccongres2025\/wp-content\/uploads\/2026\/04\/Group-101.jpg\" class=\"attachment-large size-large wp-image-1435\" alt=\"\" srcset=\"https:\/\/www.aoscongres.com\/oeccongres2025\/wp-content\/uploads\/2026\/04\/Group-101.jpg 520w, https:\/\/www.aoscongres.com\/oeccongres2025\/wp-content\/uploads\/2026\/04\/Group-101-300x300.jpg 300w, https:\/\/www.aoscongres.com\/oeccongres2025\/wp-content\/uploads\/2026\/04\/Group-101-150x150.jpg 150w\" sizes=\"(max-width: 520px) 100vw, 520px\" \/>\t\t\t\t\t\t\t\t<\/a>\n\t\t\t\t\t\t\t\t\t\t\t\t\t\t\t<\/div>\n\t\t\t\t<\/div>\n\t\t\t\t<div class=\"elementor-element elementor-element-a71121f elementor-widget elementor-widget-image\" data-id=\"a71121f\" data-element_type=\"widget\" data-e-type=\"widget\" data-widget_type=\"image.default\">\n\t\t\t\t<div class=\"elementor-widget-container\">\n\t\t\t\t\t\t\t\t\t\t\t\t\t\t\t\t<a href=\"https:\/\/mibc-fr-02.mailinblack.com\/securelink\/?url=https:\/\/www.lcl.fr&#038;key=eyJsYW5nIjoiRlIiLCJ1cmwiOiJodHRwczovL3d3dy5sY2wuZnIvcHJvZmVzc2lvbm5lbCIsInRva2VuIjoiZ0FBQUFBQm51SWRHd2xKd2NNWGZndWhqTUx0UlVTNFg5V3EyUzRoQjBnd0daMEUzWWZKbF9QR1RTLWQ2cHE4eFF1dzV1bFVoOVhSS0RZeXM5bDFpN3Jicm16aF9HVGdQcmM0eVdFS05mcHAyN0taaTBvSlFmTUhkWF9KbklDcENsVElVdU5LcXJKM05xcDZZVElfVVFVVW9Pd0V4cVJ0Z2pVNmxEcmFBYXg5NnV2QXZoY0xWR3VTR09NXzBFOVgtT3F4RjlfUEg1XzZBVkp6RjFxRktFMWdHYThWMHRtSU1sdmZZQVdsYjJ4STlHd0RaZlVEd0JIZGhmNG1udjdCX05zYm1QalI4M240RVpRel9Da1FLRGVIdG15YmFOUklZSVNMaERJRDdGdDJoeEtGSjFZSFMzcEdObVlSeEtrU0pZdExyVVo2aFd3Y3YifQ==\" target=\"_blank\">\n\t\t\t\t\t\t\t<img loading=\"lazy\" decoding=\"async\" width=\"673\" height=\"674\" src=\"https:\/\/www.aoscongres.com\/oeccongres2025\/wp-content\/uploads\/2025\/04\/Group-64.png\" class=\"attachment-large size-large wp-image-1001\" alt=\"\" srcset=\"https:\/\/www.aoscongres.com\/oeccongres2025\/wp-content\/uploads\/2025\/04\/Group-64.png 673w, https:\/\/www.aoscongres.com\/oeccongres2025\/wp-content\/uploads\/2025\/04\/Group-64-300x300.png 300w, https:\/\/www.aoscongres.com\/oeccongres2025\/wp-content\/uploads\/2025\/04\/Group-64-150x150.png 150w\" sizes=\"(max-width: 673px) 100vw, 673px\" \/>\t\t\t\t\t\t\t\t<\/a>\n\t\t\t\t\t\t\t\t\t\t\t\t\t\t\t<\/div>\n\t\t\t\t<\/div>\n\t\t\t\t<div class=\"elementor-element elementor-element-dd39df9 elementor-widget elementor-widget-image\" data-id=\"dd39df9\" data-element_type=\"widget\" data-e-type=\"widget\" data-widget_type=\"image.default\">\n\t\t\t\t<div class=\"elementor-widget-container\">\n\t\t\t\t\t\t\t\t\t\t\t\t\t\t\t\t<a href=\"https:\/\/www.septeo.com\/fr\/metier\/expert-comptable\" target=\"_blank\">\n\t\t\t\t\t\t\t<img loading=\"lazy\" decoding=\"async\" width=\"520\" height=\"520\" src=\"https:\/\/www.aoscongres.com\/oeccongres2025\/wp-content\/uploads\/2026\/04\/Group-103.jpg\" class=\"attachment-large size-large wp-image-1436\" alt=\"\" srcset=\"https:\/\/www.aoscongres.com\/oeccongres2025\/wp-content\/uploads\/2026\/04\/Group-103.jpg 520w, https:\/\/www.aoscongres.com\/oeccongres2025\/wp-content\/uploads\/2026\/04\/Group-103-300x300.jpg 300w, https:\/\/www.aoscongres.com\/oeccongres2025\/wp-content\/uploads\/2026\/04\/Group-103-150x150.jpg 150w\" sizes=\"(max-width: 520px) 100vw, 520px\" \/>\t\t\t\t\t\t\t\t<\/a>\n\t\t\t\t\t\t\t\t\t\t\t\t\t\t\t<\/div>\n\t\t\t\t<\/div>\n\t\t\t\t<div class=\"elementor-element elementor-element-ac10c98 elementor-widget elementor-widget-image\" data-id=\"ac10c98\" data-element_type=\"widget\" data-e-type=\"widget\" data-widget_type=\"image.default\">\n\t\t\t\t<div class=\"elementor-widget-container\">\n\t\t\t\t\t\t\t\t\t\t\t\t\t\t\t\t<a href=\"https:\/\/mibc-fr-02.mailinblack.com\/securelink\/?url=https:\/\/www.silae.fr&#038;key=eyJsYW5nIjoiRlIiLCJ1cmwiOiJodHRwczovL3d3dy5zaWxhZS5mci8iLCJ0b2tlbiI6ImdBQUFBQUJudkpFNDBJN1U2RUJfcW52WlNKWmVqbW10ODRuR05EX1RaMzRGbWdETkxiVWwyRGtfTXVxSGZhYTdoYk5LY3FVNHdsMVRySHJxTW1ZbWp2UUNlS3lhTzNxUG1WLTluejZGalc3UU5MMExLZ1FkcjZmc0dUVHZxQkhBNDhoVHd6ckpJa084bU9iUklGbVo5dks4MDE5SlFhN3pwY1lYbFZrQ2Q4WW9EWTJRZzZsZDE5aUMweW93cDF6S1FVZ3FsZVRCZS1xTlhSYlpzUU05dVVnTXhHODR2R25qR3ZLWURpZk5fVjZZRFp2d2s5UmV1MTNleEVPTkxCMmpucjdHT3ZiNDVId0ptY3JSaFlBalRHcnU1cDRvQUtlZmQ5WFlzc2dRQ190b016STY4THd5VEhHcFFlQ0U4bllYMWQtYk1maTY2dGtZIn0=\" target=\"_blank\">\n\t\t\t\t\t\t\t<img loading=\"lazy\" decoding=\"async\" width=\"800\" height=\"800\" src=\"https:\/\/www.aoscongres.com\/oeccongres2025\/wp-content\/uploads\/2025\/03\/Group-40-1024x1024.jpg\" class=\"attachment-large size-large wp-image-157\" alt=\"\" srcset=\"https:\/\/www.aoscongres.com\/oeccongres2025\/wp-content\/uploads\/2025\/03\/Group-40-1024x1024.jpg 1024w, https:\/\/www.aoscongres.com\/oeccongres2025\/wp-content\/uploads\/2025\/03\/Group-40-300x300.jpg 300w, https:\/\/www.aoscongres.com\/oeccongres2025\/wp-content\/uploads\/2025\/03\/Group-40-150x150.jpg 150w, https:\/\/www.aoscongres.com\/oeccongres2025\/wp-content\/uploads\/2025\/03\/Group-40-768x768.jpg 768w, https:\/\/www.aoscongres.com\/oeccongres2025\/wp-content\/uploads\/2025\/03\/Group-40-1536x1536.jpg 1536w, https:\/\/www.aoscongres.com\/oeccongres2025\/wp-content\/uploads\/2025\/03\/Group-40.jpg 1935w\" sizes=\"(max-width: 800px) 100vw, 800px\" \/>\t\t\t\t\t\t\t\t<\/a>\n\t\t\t\t\t\t\t\t\t\t\t\t\t\t\t<\/div>\n\t\t\t\t<\/div>\n\t\t\t\t<\/div>\n\t\t\t\t<\/div>\n\t\t\t\t\t<\/div>\n\t\t\t\t<\/div>\n\t\t\t\t<\/div>\n\t\t","protected":false},"excerpt":{"rendered":"<p>Les partenaires Profitez de ces deux jours de congr\u00e8s pour aller \u00e0 la rencontre de nos partenaires et \u00e9changer avec eux autour de leurs expertises et solutions innovantes. Devenir partenaire<\/p>\n","protected":false},"author":1,"featured_media":0,"parent":0,"menu_order":0,"comment_status":"closed","ping_status":"closed","template":"elementor_header_footer","meta":{"footnotes":""},"class_list":["post-20","page","type-page","status-publish","hentry"],"_links":{"self":[{"href":"https:\/\/www.aoscongres.com\/oeccongres2025\/wp-json\/wp\/v2\/pages\/20","targetHints":{"allow":["GET"]}}],"collection":[{"href":"https:\/\/www.aoscongres.com\/oeccongres2025\/wp-json\/wp\/v2\/pages"}],"about":[{"href":"https:\/\/www.aoscongres.com\/oeccongres2025\/wp-json\/wp\/v2\/types\/page"}],"author":[{"embeddable":true,"href":"https:\/\/www.aoscongres.com\/oeccongres2025\/wp-json\/wp\/v2\/users\/1"}],"replies":[{"embeddable":true,"href":"https:\/\/www.aoscongres.com\/oeccongres2025\/wp-json\/wp\/v2\/comments?post=20"}],"version-history":[{"count":118,"href":"https:\/\/www.aoscongres.com\/oeccongres2025\/wp-json\/wp\/v2\/pages\/20\/revisions"}],"predecessor-version":[{"id":1442,"href":"https:\/\/www.aoscongres.com\/oeccongres2025\/wp-json\/wp\/v2\/pages\/20\/revisions\/1442"}],"wp:attachment":[{"href":"https:\/\/www.aoscongres.com\/oeccongres2025\/wp-json\/wp\/v2\/media?parent=20"}],"curies":[{"name":"wp","href":"https:\/\/api.w.org\/{rel}","templated":true}]}}